*r + 6. Let h be j(7). Suppose 4*q - 925 = -3*x - 2*x, 2*x - h = q. Let i = x + -108. Is i a prime number?
False
Let y = 18 + -2. Let i be (-36)/(-15)*25/2. Let h = y + i. Is h composite?
True
Let c be ((-8)/(-6))/((-2)/(-3)). Let q be -5 + -3 + c - 3. Is q/12*-10*2 prime?
False
Suppose 0 = -2*w + 7 + 11. Let q(t) = -t**2 + 14*t + 13. Let o be q(w). Let u = 19 + o. Is u composite?
True
Let g(t) = 244*t + 25. Is g(7) a prime number?
True
Suppose -4*d - 5*c = -2294, -4*d + 2544 = -5*c + 270. Is d composite?
False
Let u(i) = -i**3 + i**2 + 6*i + 2741. Is u(0) composite?
False
Let l be 0 + 19 + -1 + 1. Suppose 2*z - 84 = -20. Let b = z - l. Is b prime?
True
Let o(n) = -2*n**2 + 10*n - 19. Let f(x) = 4*x**2 - 21*x + 39. Let i(s) = -4*f(s) - 9*o(s). Is i(10) a prime number?
False
Suppose -7*p = -9*p + 4634. Is p a composite number?
True
Suppose -4*a + 11203 = 3839. Is a a prime number?
False
Let k(j) = -j**2 - 5*j - 3. Let r be k(-3). Suppose 0 = r*a + a - 36. Let l = a + 1. Is l a prime number?
False
Let s(n) = 3*n**2 - 18*n - 4. Is s(19) composite?
True
Let h be (-3 - -1) + (0 - -112). Suppose 2*w - 38 = h. Suppose -7 + w = k. Is k prime?
True
Let g = 33 - 20. Suppose -4*l = -12, s = 5*l + 21 + g. Is s a prime number?
False
Let f(y) = -y**2 - y. Let b be f(-2). Is (-1 - 0)/(b/38) a composite number?
False
Let d(f) = -2*f + 2. Let h be d(2). Is h/(-3)*(-558)/(-12) a composite number?
False
Let a(u) = u**3 + 8*u**2 - 10*u - 9. Let w be a(-9). Suppose -2*p - 2*g = -w*p - 76, -3*g - 101 = -2*p. Is p composite?
False
Suppose 81 = -f + 12. Let l = f - -182. Is l a prime number?
True
Let h(f) = 99*f - 79. Is h(10) prime?
True
Let z(a) = -a**2 - 10*a - 5 - 5 + a. Let f be z(-9). Is (10/4)/(f/(-740)) a composite number?
True
Suppose 5*n + 3*m + 15 = 0, -3*n + 10 = -2*m - 0. Let b be (-12)/2*(1 - n). Is (-128)/b + 1/(-3) composite?
True
Let s = 13 + -11. Let v be 74/14 + (-2)/7. Suppose -5*f + 18 = -s*f - 3*d, -f + v*d = -6. Is f prime?
False
Let p(y) be the second derivative of -y**5/20 - 5*y**4/6 - 5*y**3/3 - 9*y**2/2 + y. Let r be p(-9). Suppose 3*z + 58 - 253 = r. Is z a prime number?
False
Let p(n) = -72*n**2 + n. Let f be p(1). Let t be (0 - 2) + 4 - f. Let y = -36 + t. Is y composite?
False
Let w = 1 + -9. Let g = 3 + w. Is (g + -2)/((-3)/15) a composite number?
True
Suppose 0 = -4*c + 8, 4*c + 32 = 2*k + 3*k. Let i = 12 - k. Suppose -h - 115 = -l - 3*h, 449 = i*l - 3*h. Is l a prime number?
True
Let b(o) = -o**3 - o**2 - o + 49. Let n(s) = -s**2 - 5*s + 6. Let z be n(-6). Is b(z) a composite number?
True
Let y = 2076 + -1153. Is y prime?
False
Suppose 5*o + n - 5070 = o, -2*o + 3*n + 2542 = 0. Suppose -o = i - 5*i. Is i composite?
False
Let n(u) = -9*u**3 - 6*u + 26. Is n(-7) a composite number?
True
Let f(o) = -o**3 + o**2 + o + 79. Let s = -4 - -4. Is f(s) a prime number?
True
Suppose 3*f + 6 = 5*f. Let i(k) = 2*k + 3. Let r be i(f). Is -141*(1 - 12/r) a composite number?
False
Let l be (21 + -2 + 1)/(-1). Let p = 31 - l. Is p a composite number?
True
Suppose 4*r + 26 + 38 = 0. Is 1 + 148 - r/(-4) composite?
True
Let q = -17 + 38. Suppose -4*h = -3*k - 141, h - 15 = k + q. Is h composite?
True
Suppose 4*p - 77 = 2*j - 19, -4*j - 32 = -2*p. Let b = 24 - p. Is b prime?
False
Let c(n) = -n**3 - 9*n**2 - 7*n + 8. Let r be 1/1 - (8 - -1). Let z be c(r). Suppose -46 = -3*v - 5*q, z = q - 3*q - 8. Is v prime?
False
Is 77*(-2 + (-64)/(-28)) prime?
False
Suppose -246 = -3*y - 4*b + 189, -y = 3*b - 140. Is y composite?
False
Let z(x) = -210*x - 1. Let n = 6 - 7. Let j be z(n). Let s = j + -82. Is s a prime number?
True
Suppose 0*z = -2*z - 3*q - 15, 5*q = -3*z - 25. Suppose z + 8 = 4*j. Let b = 8 + j. Is b a composite number?
True
Let d(s) = s**2 + 7*s + 10. Let q(b) = b**3 - 4*b**2 - 5*b - 7. Let o be q(5). Is d(o) prime?
False
Let h = 150 - -6. Suppose -5*o + h = -1789. Is o composite?
False
Suppose 0 = -0*x + 5*x + 20. Let u be -268 - (x - (-1 - 1)). Let o = -177 - u. Is o a prime number?
True
Suppose -4*t = 0, -a = a + 3*t - 212. Is a a composite number?
True
Let g(t) be the third derivative of t**5/60 - 13*t**4/24 - t**3/2 + 2*t**2. Let z be g(12). Is (-3)/9*17*z composite?
True
Let h(r) be the first derivative of -r**4 - 2*r**3 - r**2 - 5*r + 5. Is h(-5) a prime number?
False
Let g be 3/(-18) - (-26)/12. Let a = 220 + 360. Is (a/(-6))/(g/(-3)) composite?
True
Is 8/12*5/(20/5034) a prime number?
True
Let k = -3 + 13. Suppose -2*h = m - k, -3 = -5*m + 2*h - 1. Suppose m*n - 7 = n. Is n prime?
True
Let a = -12 + 28. Suppose 4*w = -a, 3*c + 2*w = -w + 90. Is c composite?
True
Is 15/6*(-182)/(-5) a prime number?
False
Suppose -23 = -5*f + 2, 3*f - 65 = -5*v. Let p(k) = k**2 - k - 5*k + 5*k + v + k**3. Is p(0) prime?
False
Suppose -5*l + 7 = 4*p, 3 = -4*l - 1. Suppose 5*k - 138 = -2*g + 72, p*k - 145 = -5*g. Suppose -4*q + 156 = -k. Is q composite?
True
Suppose 40 = -2*x - 2*x. Let y(a) = a + 13. Let n be y(x). Suppose 72 = -i + 5*i - n*o, 20 = 5*o. Is i a composite number?
True
Suppose -j + 220 = -145. Let s = -1 - -6. Suppose -55 = s*d - j. Is d a composite number?
True
Suppose -3*v + 8825 = -2*n, 2*v + 3*v - 14703 = 2*n. Is v prime?
True
Let q = 19 - 9. Let g = q - 6. Is (-13 - 1)*(-22)/g prime?
False
Let g(f) = f**3 + f**2 - 2. Let r be g(2). Let m = -6 + r. Is (-6)/m*1542/(-9) composite?
False
Let i(l) = -l**2 + 149. Is i(0) composite?
False
Let l(o) = -5*o + 8. Let w be l(6). Let m = -1 - w. Is m a prime number?
False
Is ((2326/(-4))/(-1))/((-6)/(-12)) a composite number?
False
Let u(a) = 5*a**3 + 7*a**2 - 3*a - 14. Is u(5) a prime number?
False
Let y(j) = -2*j - 5. Let w be y(-5). Suppose 0 = -w*c + 2*c. Is (-1 + -36)*(c + -1) a composite number?
False
Let q(y) = -y**3 - 63. Let f be q(0). Let d = f + 118. Is d composite?
True
Suppose -4*u = -3*r + 2183, 3*u + 2184 = -u + 4*r. Let j = u - -997. Let k = j + -229. Is k a prime number?
True
Suppose 3*s - 6 = 9. Suppose -2*m = s*k - 284, 3*k + 2*m - 3*m - 177 = 0. Is k a prime number?
False
Let p(t) = t**3 - 6*t**2 - 7*t + 6. Let r(q) = -2*q**3 + 5*q**2 + 6*q - 5. Let n(m) = 5*p(m) + 6*r(m). Let c be (4/12)/((-2)/6). Is n(c) a prime number?
False
Suppose 2*t = -0*t. Suppose 2*p + t = 2*b - 2, 0 = 2*p - b + 1. Suppose -3*f = 3*d - 144, p*d - 44 = -f + 3*d. Is f a composite number?
False
Suppose -2 = 5*l - 6*l. Suppose 0 = 5*a - 3*j - 2264 - 866, -3*a - l*j = -1859. Is a a prime number?
False
Suppose -5*j + 2841 + 754 = 0. Is j a prime number?
True
Let k = 386 - 229. Is k a composite number?
False
Let r(w) = w**3 - 5*w**2 + 5*w - 3. Is r(5) composite?
True
Suppose -3*r + 291 + 750 = 0. Is r composite?
False
Let d be 1/(2/(-4)) + 4. Suppose 1 + 9 = d*r. Suppose -1208 = -4*n + r*p, -2*p = 3*n + 2*p - 937. Is n composite?
False
Let u = -2799 + 8384. Is u a composite number?
True
Suppose -2*f = 2*f - 20. Suppose -2*n - 2728 = -4*b, f*b - n + 730 - 4143 = 0. Is b a prime number?
True
Let c be (6/4)/(-1)*4. Is (142/c)/(2/(-18)) prime?
False
Suppose 12 = 4*r - 4. Suppose -5*x - 3*z = 92 - 295, 180 = r*x - 2*z. Suppose -2*o = -4*i + 528, -92 = -i + 2*o + x. Is i a prime number?
True
Suppose 3*p + 116 = 4*s - 11, 5*s + 3*p - 152 = 0. Let a = s + 36. Is a prime?
True
Is (-52)/(-1) - (-7 + 4) a prime number?
False
Suppose 0*n + 5*n - 4*r = 602, -599 = -5*n + 3*r. Suppose i = 6 - 1. Suppose i*o = 2*j - n, 4*o + 59 = j - o. Is j a prime number?
True
Suppose -6*s - 46562 + 2798 = 0. Is s/14*2/(-2) composite?
False
Suppose 3*l + 11*j - 14*j - 8649 = 0, 0 = 5*l - 2*j - 14427. Is l a composite number?
False
Let f(z) be the second derivative of z**7/840 - z**6/360 - z**5/120 - z**4/12 - z**3/6 - z. Let m(i) be the second derivative of f(i). Is m(3) composite?
False
Let q(f) = 87*f**2 + 3*f + 1. Let r be q(-2). Suppose -93 = -4*m + r. Suppose -m = -3*d - 4. Is d composite?
True
Let i(u) = -20*u**3 - u**2 + 1. Let x be i(-1). Let r = x - 1. Is r a composite number?
False
Let m = -216 + 475. Let h = m - 93. Is h a composite number?
True
Let g(t) = t + 4. Let o be g(4). Let d = o + -3. Suppose d*q = 2*u + 441, -3*q + 3*u - 57 = -318. Is q prime?
True
Let x be (4/10)/(3/15). Suppose -4*h + 161 = j, 2*j - x*h = 6*j - 574. Is j prime?
False
Let g = 1917 + -1118. Is g composite?
True
Let h = 10 - 6. Suppose 5*d + 4*b - 1535 = 